28. Is h prime?
False
Let o be -1*(-1 - (0 - 3)). Let r be o/8 - 51/(-12). Suppose 0 = -k - 3, 3*b - 190 = b + r*k. Is b composite?
False
Is 72 - (-1)/(2/(-6)) a prime number?
False
Suppose 1356 = -2*h + 6*h. Is h a prime number?
False
Suppose -2*y + 382 = -3*d, 0 = -4*y + d + 4*d + 764. Let a = y - 64. Let w = a - 60. Is w a composite number?
False
Suppose w = -5*a - 0*w + 72, 4*a = -3*w + 62. Suppose 2*p + 1 = 5*t, 0*p = 4*p + 2*t + a. Let u(y) = -2*y**3 - 3*y**2 + 2*y. Is u(p) prime?
False
Is 56372/20 + 6/15 a prime number?
True
Let f(k) = 7*k - 9. Let c be f(12). Suppose -c = -2*n + y, n = -2*n + 3*y + 114. Is n a composite number?
False
Let v(f) = -f**2 - 6*f - 5. Let p be v(-3). Let d(j) = -j**2 + 5*j + 5. Let c be d(6). Is p - -5 - (1 - c) a composite number?
False
Suppose 0 = l - 4*l + 5844. Suppose 0 = -6*c + 2*c + l. Is c a composite number?
False
Let l(f) = f**3 + 6*f**2 - 4*f + 4. Let u = 2 - 2. Let r = -5 - u. Is l(r) a composite number?
True
Let v(n) = 9*n**3 + 3*n**2 - n - 8. Is v(3) prime?
False
Suppose 3*t + 600 = 5832. Let h = t + -1109. Is h prime?
False
Let s(v) = v**2 + 3*v - 13. Let x be s(-4). Is 92 - (-7)/(21/x) prime?
True
Suppose 3*m + 9 = 5*s, -4*s + 2*m = s - 11. Suppose -4*x + 3*l = -45 - 25, s*l = 5*x - 89. Is x a prime number?
True
Let d = 6 + -14. Let p(n) = 13*n**3 + 5*n**2 - 3*n + 1. Let a(m) = -7*m**3 - 2*m**2 + m - 1. Let i(z) = 11*a(z) + 6*p(z). Is i(d) composite?
True
Let i = 1066 - 481. Suppose 5*j - o = 732, 2*o + i = 4*j + o. Suppose -192 = -10*t + 5*t - 2*n, 5*n + j = 4*t. Is t prime?
False
Let w be ((-508)/12)/(2/(-6)). Suppose p = w + 760. Is p a prime number?
True
Let i(j) = -j**2 - 9*j - 8. Let s be i(8). Let k = s - -271. Is k composite?
False
Let i(l) = l + 61. Let j be i(0). Suppose 5*m - 49 = -4*u + j, 5*m = -5*u + 110. Let w = 117 - m. Is w a prime number?
False
Let f be (-4 - 134)/((-3)/22). Is (2/4)/(2/f) a composite number?
True
Let b be (2 + (0 - 94))/1. Let y = 30 - b. Is y composite?
True
Let j(y) = 1. Let o(n) = -10*n - 45. Let m(r) = 30*j(r) + o(r). Is m(-11) a prime number?
False
Suppose 4*q - 9 = 3*q. Is q composite?
True
Suppose 1 = -2*p + 27. Is p/4 + (-9)/(-12) a composite number?
True
Let c be (-3)/(-4) + (-1850)/(-8). Let z = -101 + c. Is z a prime number?
True
Suppose -n - 1060 = -4*j + 3*n, -j - 5*n = -253. Is j prime?
True
Let f(r) = -r**2 + 4*r + 2. Let z be f(5). Let s(q) = 16*q**2 - q - 2. Is s(z) prime?
False
Suppose 2*a - 1758 = 1360. Is a a composite number?
False
Let r = 15 - 13. Is (r - 5) + 409 + 1 a prime number?
False
Let v(j) = -j**3 - 6*j**2 - j + 6. Let y be v(-6). Suppose 4*m = -y, 3*d - 2*m + 6*m = 483. Suppose -4*k + k = -d. Is k composite?
True
Let z(l) be the first derivative of -5*l**2/2 - 5*l - 2. Is z(-6) a prime number?
False
Suppose 0 = 7*k - 2*k + 40. Let a(x) = -x**3 - 8*x**2 + 4*x - 10. Let n be a(k). Is (3/2)/((-3)/n) composite?
True
Suppose 0 = -d + 6*d - 10. Is 7/(d + (-42)/22) a composite number?
True
Let b(m) = m**2 - 7*m + 7. Suppose -4*c = 12, -3*w - 4*c + 3 = -0. Let z be b(w). Let u(l) = -21*l + 4. Is u(z) composite?
False
Let q = 10 - 7. Suppose -q*u - i + 11 = -6*i, 0 = u + 2*i + 11. Let d(x) = -17*x - 4. Is d(u) composite?
False
Let x(s) = 11*s**3 + 41*s**2 + 40*s + 15. Let m(k) = -5*k**3 - 20*k**2 - 20*k - 7. Let a(d) = -9*m(d) - 4*x(d). Is a(-14) a prime number?
False
Suppose 3*j - 4*o - 4156 = -3*o, 5*o = -5*j + 6920. Is j a prime number?
False
Is 3/(-6)*(-466 + (-1 - -1)) a composite number?
False
Let w(g) = -5*g**3 - 2*g**2 + 2*g + 2. Is w(-3) composite?
False
Suppose 7*h = 3*h - 28. Let k(o) = -4 - 17*o + 0*o - 6. Is k(h) prime?
True
Suppose -4*u + 0*u + 236 = 0. Is u prime?
True
Let s(r) = -5*r - 1 - 4*r + 6*r. Is s(-1) composite?
False
Suppose 5*z - 1171 + 176 = 0. Is z composite?
False
Let v be 2/(-3)*(-3 + 0). Let j be (v/(-4))/(2/20). Let x = j - -28. Is x a composite number?
False
Let l(s) = 3*s**2 + 2*s - 9. Let m be l(-7). Suppose -m = -y + 139. Is y prime?
True
Suppose -a - 152 = -3*b, -b = 4*a - a - 34. Is b prime?
False
Let j = -6 + 4. Let i be (-2)/(-3)*(-9)/j. Is 2 - (0/i - 53) a composite number?
True
Let c(l) = l**3 - 7*l**2 + 4*l - 9. Let o(v) = -2*v - 3. Let p be o(-5). Is c(p) composite?
False
Suppose i - 4*z + 1366 = 3*i, 4*i - 3*z - 2765 = 0. Is i composite?
True
Let v(a) = 1012*a + 17. Is v(5) composite?
False
Suppose 4*o = 5*o - 8. Let v = o - -2. Is v a composite number?
True
Suppose -11*a + 3935 = -6*a. Is a composite?
False
Let t be (-4)/(-2) + (2 - 2). Suppose s + 5*u = -68, -t*s - 128 = s - 4*u. Let y = s - -79. Is y a prime number?
True
Suppose 5*s = 3*b - 18, -2*b + 5*s + 7 = -5. Suppose 2*t - b*t + 16 = 0. Suppose -3*d - 5*j + 89 + 71 = 0, -t*d = -3*j - 223. Is d a prime number?
False
Let n(x) = x + 4. Let i be n(-5). Let r be 6 + (3 + -1)*i. Let b(h) = 22*h - 6. Is b(r) a composite number?
True
Suppose 0 = -5*o + 15, -2*o + 1148 + 1343 = 5*k. Let g = 415 + -123. Let l = k - g. Is l composite?
True
Is 4256/(0 + 4) + (-2 - 1) composite?
False
Is (-5)/(-5)*(-3 + 320) composite?
False
Let j be (-4 - (0 + -3))*-5. Suppose -6*d = -j*c - d + 485, 0 = 4*c + d - 368. Is c a prime number?
False
Let n = -1174 + 2375. Is n composite?
False
Suppose -l = 2*l + 24. Is (-5 + 0)/(l/152) a prime number?
False
Let b = -3 - -5. Let x be -3 + 8 + -1*b. Suppose -x*o + 295 = 2*o. Is o a composite number?
False
Suppose -2*q - 2*q + 8 = 0. Let s be (-2)/3*6/q. Is (1 + s)/((-2)/46) a composite number?
False
Suppose 0 = o - 258 - 65. Is o prime?
False
Is 163660/100 - (-4)/10 composite?
False
Let g = -247 + 358. Let x = -62 + g. Is x a composite number?
True
Let h(l) = -l**3 + 3*l**2 - 2*l. Let j be h(2). Suppose -3*a - 12 = 0, j = -4*g + 3*a + 2*a + 924. Suppose 3*b - 65 = g. Is b a composite number?
False
Let a be -4*1 + 2 + 65. Let u(f) = -f - 1. Let t be u(-1). Suppose 3*s + 3*n - a = -n, t = -4*n. Is s composite?
True
Let l be (-2)/3 + 1/(-3). Let p(v) = 54*v**3 + 4*v**2 + 2*v - 2. Let a be p(-2). Is l/(-4) - a/8 a composite number?
False
Suppose 70 = 3*x - 23. Let d be (-14)/(2 - x/15). Suppose -f + 35 = q, q = 5*f + 41 - d. Is f prime?
False
Let c(m) = 24*m**2 - 6*m + 1. Is c(4) a composite number?
True
Suppose -22*k + 19*k + 381 = 0. Is k a composite number?
False
Suppose -3*d + 10 = o, d - 20 = -3*o - 3*d. Let k(j) = 130*j + 7. Is k(o) a composite number?
True
Suppose -6*s + 650 = -s. Suppose 0 = 4*h + 5*i - 221, -4*i = -2*h - 0*h + s. Is h a composite number?
False
Let j(f) = -f**3 + 9*f**2 - 9*f + 12. Let l be j(8). Suppose 10 = c + 6*w - 3*w, 0 = -c + l*w + 17. Is c a composite number?
False
Let v = 57 - 4. Is v a prime number?
True
Let z(b) = b**2 - 2*b. Let w be z(3). Suppose 0 = -l + w*l. Suppose l = 2*y + 3*y - 185. Is y a prime number?
True
Let d(n) be the second derivative of n**5/20 + 3*n**4/4 + n**3/3 + 7*n**2/2 - 3*n. Is d(-7) a composite number?
True
Is (-34)/17 - (-819 - (-2)/(-2)) prime?
False
Suppose 0 = -0*d + 5*d - 20. Suppose 0 = -3*f - 4*i + 569, -f + d*i = 4*f - 927. Is f a composite number?
True
Let l(n) = -n - 5. Let w be l(-3). Is 1/(2*w/(-124)) a composite number?
False
Let u = -6 - 467. Let x = u - -736. Is x prime?
True
Let c be (-2)/(-3) + (-5)/(-15). Is c/(2*4/1736) a composite number?
True
Let b be 22/6 - 4/6. Suppose b*j - 2*f - 957 = -2*j, -577 = -3*j + 4*f. Is j composite?
False
Let g = 22 + -22. Is (g - 4/8)*-254 composite?
False
Let g(c) = c**2 + 5*c - 2. Let f(b) = -b**2 + 13*b - 3. Let o be f(11). Suppose 5 = -5*k, u - o = 3*u + 3*k. Is g(u) a composite number?
True
Let d(h) = 3*h + 3 + 0 - h + 24*h**2. Is d(-2) prime?
False
Suppose -6*k + k = 3730. Let q be k/(-4) - 15/10. Suppose 4*y = -q + 501. Is y prime?
True
Let o be 48/18 - 4/6. Is -1 - 0 - (-94 - o) prime?
False
Let p(l) = l**3 + 12*l**2 - l - 8. Let r be p(-12). Suppose 7 = t + 4*u + 29, 0 = -r*t - u - 73. Let c = t - -181. Is c a composite number?
False
Suppose -a - 7 = -5. Is (a/3)/((-15)/315) a prime number?
False
Suppose -3*f - 5*n - 42 - 156 = 0, -4*n + 225 = -3*f. Let p = f + 153. Is p a composite number?
True
Let c(b) = b**3 + 2*b**2 - 5*b - 5. Let a(x) = -2*x**3 - 4*x**2 + 9*x + 10. Let k(i) = -2*a(i) - 5*c(i). Is k(-4) a prime number?
False
Let u(z) = z**2 + z - 4. Let m be u(-3). Suppose -2*w = -6, -3*t - w + 